15*t + 24. Let y(q) = -q - 5. Let h be y(-5). Let s(a) = -a + 0*a + t + 9 + h*a. What is s(7)?
6
Let l(y) = 2*y - 1. Let t(k) = -k**3 + 11*k**2 - 11*k + 12. Let x be t(10). Suppose 0 = i + x*i - 9. Suppose 0 = -3*p - 9, -p + 6 + 0 = i*d. Determine l(d).
5
Let t(q) = -q - 3. Let n(r) = -2. Let c(d) = 3*n(d) - 2*t(d). Let x(y) = 3*y**2 + 9*y - 7. Let g be x(-9). Let a be (10/(-6))/(g/(-186)). Determine c(a).
4
Let a(h) = h**2 - h + 3. Let m(z) = -z**2 + 2*z - 3. Let l(b) = 3*a(b) + 4*m(b). Let i(j) = 62*j - 4. Let v be i(1). Let w be v/18 + 10/(-45). Determine l(w).
3
Suppose -2*z + 0 + 10 = 0. Let r(q) = -6*q - 1. Let l(c) = -7*c - 2. Let m(n) = -4*l(n) + 5*r(n). Calculate m(z).
-7
Let z(v) be the first derivative of v**6/360 - v**5/20 - v**4/6 + 37*v**3/3 + 56. Let i(a) be the third derivative of z(a). Give i(6).
-4
Let n(l) = 23*l + 11. Let h(f) = -4*f - 2. Let w(y) = -34*h(y) - 6*n(y). Let a be -5 + (1 - 3 - -4). Give w(a).
8
Let h = 19 - 15. Suppose -9 = h*c - 1. Let a(m) = 13 - m + 2*m - 14. Calculate a(c).
-3
Let f = 11 + -5. Let m = -11 + 24. Let s(l) = -m + 5 + 13 + 6*l - l**2. Calculate s(f).
5
Let g(m) be the third derivative of -m**5/60 - m**4/2 - 2*m**3/3 - m**2 - 19. Give g(-12).
-4
Let t(j) be the first derivative of -j**2 - j + 35. What is t(-3)?
5
Let s(l) = -4*l**2 - 9*l + 10. Let m(a) = -3*a**2 - 8*a + 9. Let g(v) = -7*m(v) + 6*s(v). Let d(z) be the first derivative of g(z). Determine d(4).
-22
Suppose 0 = -26*y + 29*y - 138. Let u(c) = y*c - 22*c + 1 - 23*c. Determine u(3).
4
Suppose -4*h = -3*h - 2*h. Let o(z) be the third derivative of z**5/60 - z**4/24 + 7*z**3/6 - 6*z**2. Give o(h).
7
Let a = 34 - 21. Suppose 0 = 4*r - 5*l + a, -3*r + 4*l = -r + 14. Let q(d) = r*d + 0 + 7 - 3*d + d. Give q(-4).
3
Let f(k) = 0*k**3 - 4*k**3 + 4 + 4*k**2 + 5*k**3 + 4*k. Suppose m + 2*v = -0*v - 20, 4*m - 3*v = -102. Let h = 21 + m. Calculate f(h).
1
Let d(r) be the second derivative of r**3/6 + 2*r**2 + 6*r. Calculate d(-6).
-2
Let u(y) = 7*y. Let k(z) = -z. Let q(v) = 5*k(v) + u(v). Let a(s) = -1. Let p(h) = -4*a(h) - q(h). Suppose 2*w = -9 - 1. Determine p(w).
14
Let x(b) be the first derivative of -b**3/3 + 5*b**2/2 + 2*b + 43. Let s be 8/(-28) - 10/14. Let o be (0 - 8)*s/2. Determine x(o).
6
Let p(g) = -4*g**2 - 4*g - 2. Let c = 233 - 235. Calculate p(c).
-10
Suppose -12 = -4*u, 17 = 13*w - 8*w - u. Let q(v) = v + 14. Calculate q(w).
18
Let w(z) be the second derivative of 0 + z**2 - 1/6*z**3 + 9*z. Give w(2).
0
Let z = 0 - -1. Suppose w = 3*y + 4, 2*y + z = 2*w - 3. Let s(i) = -9*i**3 + 2*i**2 + i. Calculate s(y).
10
Let p(u) = -u**2 - 5*u - 4. Let y(f) = -f**2 + 6*f - 2. Let h be y(8). Let s be 71/5 + -1 + 10/(-50). Let b = s + h. Give p(b).
-4
Let q = 133 + -133. Let r(n) = n + 24. What is r(q)?
24
Let p(z) be the first derivative of 17*z**3/3 - z + 2. Let m(y) = y. Let r(b) = -3*b + 5. Let i(x) = 6*m(x) + r(x). Let v be i(-2). Determine p(v).
16
Let s(i) = -i**3 + 4*i**2 + 4*i + 3. Let f(o) = -o**3 + 58*o**2 + 59*o + 4. Let k be f(59). Give s(k).
19
Let j(h) = -h**2 - 2*h - 5. Suppose 0 = -8*d + 40 - 8. Determine j(d).
-29
Suppose -t = -85 + 81. Let v(g) = -g**2 + 7*g - 17. Determine v(t).
-5
Let r = -315 - -308. Let z(m) = m**3 + 8*m**2 + 4*m - 17. Give z(r).
4
Let r(g) = -4*g + 4*g + g + 3*g + 1. Let z(m) = m**3 + 4*m**2 - 18*m - 65. Let t be z(-3). Give r(t).
-7
Let o(f) = 12*f**2 + 10*f**3 - 1 - 23*f**2 + 12*f**2. Let p(k) = k - 5. Suppose -2*g + 18 = g. Let c be p(g). Determine o(c).
10
Suppose 8*n = -15 + 47. Let h(f) = -f + 9. Determine h(n).
5
Let f(i) = -44 + 2043*i**2 + 17 - 2044*i**2 + 12*i. What is f(7)?
8
Let r(d) = -d**2 + 4*d + 4. Let b be r(4). Suppose 0 = -b*i - 14 - 10. Let s(o) be the first derivative of -o**4/4 - 5*o**3/3 + 3*o**2 - 2*o - 1. What is s(i)?
-2
Suppose 2*g = 5*l - 31, -4*l + 10 = g - 7. Let a(i) = -2*i + 7. Let n be a(l). Let f(d) = -6*d**2 + 0*d**2 + 2*d - 2*d**3 + d**3 + 3*d**2. Calculate f(n).
-6
Let d(a) = a + a**2 + 3*a - 2*a**2 + 2. Let k(f) be the third derivative of f**4/12 - f**3/2 + f**2. Let o be k(3). Determine d(o).
5
Let q = -78 - -81. Suppose 2*u + q = -1. Let i(a) = a + 2. Determine i(u).
0
Let l(u) = -u**3 - u**2 - u - 1. Let j = -280 - -282. Give l(j).
-15
Let h(l) = -l**3 + 14*l**2 - 22*l - 17. Let p be h(12). Let w(m) = m**3 - 7*m**2 + 1. Calculate w(p).
1
Let p(j) = -j**2 - 6*j + 6. Let z = 6 - 12. Calculate p(z).
6
Let i(u) be the first derivative of -9*u**4/4 + u**2/2 + u + 81. Suppose -4*v = -1 + 5. Determine i(v).
9
Let o(t) = -t**3 - t**2 - 1. Let l(v) = -3*v**3 + 8*v**2 - 5*v + 2. Let y(n) = -l(n) + 2*o(n). Calculate y(9).
-40
Let t(p) = -4*p - 4. Let b(r) = r**2 - 8*r - 6. Let i(k) = -2*k**2 + 16*k + 11. Let q(n) = 5*b(n) + 3*i(n). Let g be q(8). Suppose -9 = 2*h - g. Calculate t(h).
8
Let x(u) = -3*u + 3 + 2*u + 0. Let y(b) = -b**3 - 3*b**2 + 3*b + 3. Let p be y(-3). Give x(p).
9
Let c(j) be the third derivative of j**6/30 - j**4/12 + j**3/6 + 389*j**2. Give c(1).
3
Let f(o) = 2 + 3*o**2 - 3*o**2 - o**2. Suppose -5*l - 3*n = 6, -84*l + 80*l - 18 = -2*n. What is f(l)?
-7
Let l(s) = 2*s + 33. Let a(c) = c + 17. Let z(v) = 5*a(v) - 3*l(v). Let q be z(-16). Let y(b) = b - b**q - 5*b + 2 - 7. Calculate y(-4).
-5
Let f be (-2)/5*7*(2 + -7). Let a be f/10 + (-15)/(-25). Let y(c) = -2*c**2 - 1. Calculate y(a).
-9
Let r(z) = z - 9. Suppose -244*s - 63 = -253*s. Calculate r(s).
-2
Suppose -3*u + 16 = -u. Let p(x) = x**3 - 7*x**2 - 7*x + 9. Calculate p(u).
17
Let z(c) = 666 + 0*c - 3*c - 336 - 326 + 4*c. Give z(-5).
-1
Let x(k) = -2. Let t(j) = -6*j - 5. Let i(r) = -t(r) + 4*x(r). Calculate i(2).
9
Let g = -2 + -7. Suppose 3*a = 71 - 74. Let m be (g - -10) + 6/a. Let l(y) = -y**2 - 6*y - 6. Give l(m).
-1
Suppose 5*g + 33 = 3*d, 3*d - 2*g + 35 - 59 = 0. Let w(q) = -q**2 + 5*q - 7. Determine w(d).
-13
Let i(r) be the second derivative of r**4/12 + r**3 + 7*r**2/2 - 26*r. What is i(-3)?
-2
Suppose 0*r - g + 6 = 2*r, 5*g = -2*r + 14. Suppose 0 = 3*y + 3*f - 0*f - 3, 5*y = -r*f + 2. Let h(q) = q**3 + q**2 - q + 13. Give h(y).
13
Let a = -654 + 658. Let v(g) = g**3 - 5*g**2 + 7*g - 4. Give v(a).
8
Suppose 3*x + 10 - 34 = 0. Suppose -f + 2*f - 2*q = -x, q = 2*f + 1. Let y(o) = -10 - 10 - f*o + 24. Calculate y(3).
-2
Let n(b) = -b - 10. Let t = 413 - 406. What is n(t)?
-17
Let w(x) = 2*x**3 + 3*x**2. Suppose -3*j + 36 = 3*b, 34 = 5*j - 4*b - 8. Suppose 0 = j*a - 7*a + 6. Calculate w(a).
-4
Let s(h) be the third derivative of -h**6/60 - h**4/24 - 12*h**2 + 1. Determine s(-1).
3
Let k(j) = 146*j**2 + 4 + 7*j - 145*j**2 - 6 + 17. Determine k(-4).
3
Let x(j) = 2 + 1 + 959*j - 2*j**2 - 952*j. Give x(5).
-12
Let s(p) = 2832 - 6*p**2 - 1417 - p**3 - 7*p - 1420. Let v(d) = -d + 2. Let z be v(7). Give s(z).
5
Let n(i) be the first derivative of 8/3*i**3 + 3*i**2 - 9*i + 1/4*i**4 + 29. Calculate n(-7).
-2
Let f(v) be the first derivative of -1/2*v**2 + 0*v**3 + 2*v + 1/2*v**4 + 21. Calculate f(-2).
-12
Let z(b) = 21*b + 7. Let s(m) = -4*m - 1. Let i(d) = 5*s(d) + z(d). Determine i(-8).
-6
Suppose -2*b + 3 = -n, 3*b - 13 = -2*n + 9. Let q(p) = 2 + 0 - 2*p**2 + n*p + 2*p - 4*p. Suppose 5*j = 5*x - 5, 6 = x + 4*j - 5. Determine q(x).
-7
Let k(v) = 2*v - 5. Suppose -63 = 385*p - 364*p. Calculate k(p).
-11
Let h(v) = -2*v - 1. Suppose -m + 5 = u, 4*u = m - u + 13. Let t = 11 - m. Suppose a + 2*a = -s + 5, t = 4*a - s. What is h(a)?
-5
Let x(u) = 7 + 5*u - 1 + 2*u**2 - 3*u**2. Suppose -14*l = -19*l. Suppose w - 6 = -l*w. Give x(w).
0
Let z(s) be the first derivative of -8 + 5*s**2 + 0*s - 1/6*s**3 + 1/8*s**4. Let i(w) be the second derivative of z(w). Give i(-2).
-7
Let v(a) = -4*a**2 + 2*a + 177 - 172 + 5*a**2. Calculate v(4).
29
Let j(t) be the third derivative of t**8/6720 - t**7/504 + t**6/180 + t**5/30 - t**4/6 - 17*t**2. Let w(i) be the second derivative of j(i). Determine w(4).
4
Let n(m) be the first derivative of -m**2 - 5*m + 1. Let t(h) = -h**2 + 47*h + 311. Let s be t(53). Calculate n(s).
9
Let j(w) = -w**3 - 14*w**2 - 1. Suppose 13*d - 6 = -188. What is j(d)?
-1
Let b(n) = 5*n**2 + 7. Let j(f) = -f + 4*f + f - 13 - 9*f**2 - 3*f. Suppose 0 + 30 = -5*z. Let m(p) = z*j(p) - 11*b(p). Calculate m(-5).
6
Suppose -3*t = 2*n - 60, -2*n + t = -58 - 18. Let f = -30 + n. Let g(q) be the third deriv